).
-195
Let x(w) = -110*w + 350. Determine x(4).
-90
Let z(l) = -10*l**3 + 40*l**2 - 35*l - 2. Give z(1).
-7
Let n(v) = -2*v**2 + 12*v + 30. Give n(-2).
-2
Let o(b) = -b**3 + b**2 + 11*b - 169. Calculate o(0).
-169
Let k(n) = -5*n**2 - 37*n - 125. Calculate k(-4).
-57
Let z(l) = 2*l**3 + 6*l**2 - 38*l - 10. Determine z(-8).
-346
Let n(r) = r**3 - 36*r**2 - 38*r + 51. Determine n(37).
14
Let m(a) = a**2 - 146*a + 1017. Give m(139).
44
Let s(k) = k**2 + k - 2614. Calculate s(51).
38
Let h(l) = -l**2 + 42*l + 19. Give h(0).
19
Let x(w) = 113*w + 534. Calculate x(-5).
-31
Let b(k) = -65*k - 13. Determine b(1).
-78
Let s(z) = z**3 - 36*z**2 - 25*z - 103. Give s(37).
341
Let g(w) = 143*w - 1527. Calculate g(11).
46
Let m(a) = -2*a**2 - 80*a - 569. Calculate m(-33).
-107
Let b(p) = -3279*p + 65582. Calculate b(20).
2
Let q(x) = 6*x**3 + x**2 - x + 1. Calculate q(2).
51
Let q(o) = -o**2 - 242*o - 1178. Calculate q(-5).
7
Let t(c) = c**3 - 19*c**2 - 95*c + 55. What is t(23)?
-14
Let b(o) = o**2 + 14*o + 38. Calculate b(-3).
5
Let r(a) = -a**3 + 53*a**2 - 46*a - 236. What is r(52)?
76
Let n(c) = -c**3 - c**2 + 3*c + 33. Determine n(-4).
69
Let q(z) = 8*z**3 - 72*z**2 - 3*z + 22. Calculate q(9).
-5
Let y(q) = -14*q**3 + 3*q**2 - 5*q - 17. Determine y(3).
-383
Let n(a) = 5*a**2 - 6*a - 187. Calculate n(-7).
100
Let o(a) = a**3 + 9*a**2 + 56*a + 296. Give o(-7).
2
Let r(n) = -354*n - 9550. Determine r(-27).
8
Let j(c) = c**3 + 117*c**2 - 239*c - 2. What is j(2)?
-4
Let v(h) = 12*h**3 - 32*h**2 - 5*h - 2. Determine v(-1).
-41
Let k(g) = 258*g + 19. Determine k(1).
277
Let g(f) = f**3 + 9*f**2 - 3*f + 63. Determine g(-10).
-7
Let y(a) = 48*a + 491. Calculate y(-11).
-37
Let s(v) = -v**3 - 18*v**2 + 22*v + 135. What is s(-19)?
78
Let z(i) = -i**2 + 37*i - 323. What is z(19)?
19
Let i(h) = -h**2 + 42*h + 122. Give i(35).
367
Let l(w) = -5*w**2 + 350*w - 351. Calculate l(1).
-6
Let c(v) = -5*v**2 - 563*v - 1658. Determine c(-3).
-14
Let o(x) = 171*x - 830. Give o(5).
25
Let t(f) = 6*f**2 + 373*f - 1103. Give t(-65).
2
Let j(s) = s**2 - 57*s - 108. What is j(58)?
-50
Let w(q) = -157*q + 6065. Calculate w(39).
-58
Let u(q) = 82*q + 200. Give u(0).
200
Let t(g) = -3*g - 16. Determine t(-14).
26
Let x(g) = 213*g + 847. Calculate x(-4).
-5
Let h(x) = x**3 + 47*x**2 + 204*x - 244. Calculate h(-42).
8
Let m(i) = 6*i**3 - 455*i**2 - 73*i - 255. Determine m(76).
-27
Let s(f) = 287*f - 2476. Determine s(9).
107
Let t(j) = 13*j + 110. Give t(20).
370
Let i(n) = 460*n - 838. Determine i(2).
82
Let q(o) = 65*o - 370. Calculate q(5).
-45
Let v(w) = w**2 + 128*w + 489. Determine v(-4).
-7
Let d(f) = -f**3 + 17*f**2 + 12*f + 50. Calculate d(18).
-58
Let w(o) = -o**2 - 12*o + 76. What is w(-16)?
12
Let m(y) = 3*y**3 + 2*y**2 + 22*y - 23. Calculate m(1).
4
Let y(b) = -2*b**3 + 18*b**2 + 5*b + 18. What is y(9)?
63
Let b(n) = -n**3 + 100*n**2 + 529*n - 426. Give b(105).
-6
Let d(v) = 3*v**3 + 198*v**2 + 10*v + 770. What is d(-66)?
110
Let z(r) = 55*r + 15. Give z(1).
70
Let j(g) = 133*g - 3586. Determine j(27).
5
Let a(h) = 7*h**2 - 44*h - 122. Calculate a(15).
793
Let w(l) = -26*l - 2262. Calculate w(-86).
-26
Let v(b) = 4*b**2 + 60*b + 101. What is v(-13)?
-3
Let t(f) = 7*f**2 + 39*f - 1. Give t(-6).
17
Let l(r) = 4988*r - 24930. Give l(5).
10
Let z(d) = 4697*d + 32914. Determine z(-7).
35
Let t(s) = -35*s + 1404. Give t(41).
-31
Let g(b) = 135*b + 921. Give g(-7).
-24
Let x(m) = 2*m**3 - 129*m**2 + 57*m + 384. Calculate x(64).
-64
Let z(g) = g**3 - 7*g**2 + 29*g - 97. Calculate z(4).
-29
Let i(o) = 38*o + 158. Give i(-3).
44
Let z(m) = -109*m - 850. Give z(-5).
-305
Let t(b) = -5*b**2 + 165*b - 439. Calculate t(30).
11
Let i(z) = 3*z**3 + 2*z**2 + z + 3. Give i(-4).
-161
Let s(f) = 19*f**2 - 13*f - 20. Determine s(4).
232
Let t(b) = 22*b + 552. Determine t(-22).
68
Let l(q) = -q**2 - 31*q - 55. Calculate l(-33).
-121
Let f(c) = c**2 + 48*c + 225. Calculate f(-5).
10
Let g(q) = -q**3 + 34*q**2 - 65*q + 120. Give g(32).
88
Let z(p) = -6*p**2 + 13*p + 102. What is z(11)?
-481
Let t(z) = -63*z - 1655. Calculate t(-23).
-206
Let t(g) = 2*g**3 + 6*g**2 - 13*g - 30. Give t(-6).
-168
Let h(b) = 2*b**2 - 1164*b - 7078. What is h(-6)?
-22
Let h(t) = -t**3 - 11*t**2 + 387*t - 90. Give h(-26).
-12
Let b(h) = 72*h**2 - 71*h - 136. What is b(-2)?
294
Let n(b) = -1250*b - 46260. Give n(-37).
-10
Let u(v) = -38*v + 1173. What is u(27)?
147
Let x(y) = 4*y**2 + 134*y + 1110. Determine x(-19).
8
Let q(v) = -v**3 - 8*v**2 + 22*v + 27. Calculate q(-1).
-2
Let a(b) = 22*b - 282. What is a(14)?
26
Let v(b) = -3*b**3 + 32*b**2 + 19*b - 50. What is v(11)?
38
Let p(z) = -2*z**2 - 80*z + 62. What is p(-41)?
-20
Let g(z) = 3*z - 412. Determine g(-26).
-490
Let a(s) = -4*s**2 + 198*s - 972. What is a(44)?
-4
Let s(d) = 30*d**2 - 329*d. Calculate s(11).
11
Let a(y) = -y**3 + 130*y**2 - 1822*y - 28. Give a(16).
4
Let d(f) = -30*f + 349. Determine d(10).
49
Let d(l) = l**3 + 35*l**2 + 311*l + 117. Give d(-16).
5
Let g(k) = k**3 + 14*k**2 - 24*k + 55. Give g(-15).
190
Let b(m) = -13*m**2 + 66*m - 8. Calculate b(7).
-183
Let m(z) = 75*z - 1065. What is m(14)?
-15
Let l(d) = -d**3 + 84*d**2 - 484*d + 1150. What is l(78)?
-98
Let p(u) = 160*u - 4474. Calculate p(28).
6
Let m(u) = -15*u - 534. What is m(-34)?
-24
Let y(j) = 55*j**2 - 11114*j + 803. Determine y(202).
-5
Let l(h) = 6*h**2 + 1166*h + 378. Calculate l(-194).
-10
Let v(s) = 2*s**3 - 305*s**2 - 170*s + 2599. Calculate v(153).
-2
Let v(p) = -2*p**3 + 95*p**2 - 45*p - 98. Give v(47).
-4
Let z(o) = o**2 + 12*o - 343. Determine z(-27).
62
Let q(d) = 6*d**2 + 97*d + 257. Determine q(-9).
-130
Let n(j) = 18*j + 217. Determine n(-12).
1
Let n(f) = f**2 - 1013*f + 9036. What is n(9)?
0
Let i(v) = 17*v**2 + 36*v + 116. Give i(-3).
161
Let f(c) = -4*c**2 - 9*c + 94. Give f(6).
-104
Let w(b) = 75*b + 105. What is w(-4)?
-195
Let s(z) = -5*z**2 + 24*z - 15. What is s(5)?
-20
Let k(o) = 52*o**2 - 1242*o - 137. Give k(24).
7
Let u(n) = 263*n + 1847. Calculate u(-7).
6
Let y(s) = -s**3 + 19*s**2 + 67*s - 3. Determine y(22).
19
Let i(f) = f**2 - 136*f - 4219. Calculate i(162).
-7
Let u(p) = 2*p**3 - 70*p**2 + 342*p + 144. Determine u(29).
-30
Let z(q) = q**3 + 30*q**2 - 98*q - 13. Determine z(-33).
-46
Let x(c) = 7*c**2 - 285*c + 204. Determine x(40).
4
Let c(q) = -q**2 - 2271*q - 18110. Determine c(-8).
-6
Let q(f) = 133*f - 660. Determine q(5).
5
Let d(r) = 10*r**2 + 434*r - 265. Determine d(-44).
-1
Let p(m) = -24*m - 6. Determine p(7).
-174
Let z(v) = 87*v - 1131. What is z(13)?
0
Let j(l) = 2*l**3 - 69*l**2 + 27*l + 235. Determine j(34).
-3
Let q(l) = 2*l**2 + 7*l + 220. What is q(-11)?
385
Let z(d) = -15*d + 57. Determine z(6).
-33
Let y(o) = 2*o**2 - 35*o - 115. Give y(20).
-15
Let z(b) = -2*b**2 + 34*b - 138. Determine z(10).
2
Let a(i) = -128*i - 718. Give a(-6).
50
Let g(p) = 25*p + 121. What is g(-5)?
-4
Let w(u) = 40*u - 2136. What is w(46)?
-296
Let y(r) = 118*r + 367. What is y(-5)?
-223
Let q(h) = -38*h**2 - 28*h - 27. Determine q(-1).
-37
Let d(x) = x**3 - 60*x**2 - 125*x + 7. Determine d(62).
-55
Let z(o) = -o**3 + 27*o**2 - 110*o - 10. Calculate z(5).
-10
Let p(i) = -596*i + 2886. Calculate p(5).
-94
Let h(g) = 6*g**3 - 34*g**2 - 6*g + 2. What is h(7)?
352
Let p(f) = -71*f - 1781. Determine p(-25).
-6
Let w(k) = 4*k**2 - 325*k + 1290. Give w(4).
54
Let c(l) = 3*l**3 + 25*l**2 + 83*l - 7. What is c(-6)?
-253
Let t(x) = -115*x - 292. Calculate t(-6).
398
Let t(h) = 4*h + 21. Give t(2).
29
Let h(o) = -8*o - 24. What is h(6)?
-72
Let x(u) = 2*u**2 - 86*u - 3411. Determine x(-25).
-11
Let f(w) = w**2 + 4*w - 220. Calculate f(18).
176
Let n(h) = -h**3 + 29*h**2 + 65*h - 99. Determine n(31).
-6
Let k(d) = -2*d**2 - 31*d + 822. What is k(-29)?
39
Let b(y) = -8*y**2 + 212*y - 886. What is b(4)?
-166
Let k(m) = -108*m + 12640. Give k(117).
4
Let y(z) = -31*z**2 + 15*z + 25. Calculate y(-2).
-129
Let h(i) = i**2 - 61*i + 423. Determine h(8).
-1
Let o(s) = -3*s - 3. Determine o(2).
-9
Let c(m) = -26*m + 74. Determine c(6).
-82
Let o(v) = -2*v**3 + 51*v**2 + 5*v + 562. Give o(26).
16
Let u(q) = q**3 - 30*q**2 + 195*q + 43. Give u(10).
-7
Let t(y) = -y**3 + 22*y**2 + 202*y + 44. Give t(29).
15
Let u(w) = 49*w - 437. Calculate u(9).
4
Let z(o) = 1069*o - 6392. 